109
Suppose 4*h = 5*m + 32 - 1546, -2*m - 2*h = -620. List the prime factors of m.
2, 3, 17
Suppose 0*j - 4*j + 4*k + 1148 = 0, 3*k = -12. What are the prime factors of j?
283
Let w(q) = q**2 + 3*q - 1. Let t be w(2). Suppose -n - 2 = -t. Suppose 12*u - 250 = n*u. What are the prime factors of u?
2, 5
Let f = -190 + 1072. List the prime factors of f.
2, 3, 7
Suppose -3*r - 2*r + 1040 = 0. Suppose 6*u - 10*u = 2*c - 74, 0 = -4*c + 4*u + r. List the prime factors of c.
47
Let i(o) = -o**2 + 0*o**2 - 1 + 2*o + 0*o**2. Let g be i(1). Suppose 13 = 2*v + 3*j, g = 6*v - 3*v + 5*j - 20. List the prime factors of v.
5
Suppose 566*c - 574*c = -15088. What are the prime factors of c?
2, 23, 41
Suppose 4*d - 5749 - 6179 = 0. List the prime factors of d.
2, 3, 7, 71
Let b = -514 + 791. Let o = b + -193. Suppose 3*q = -3*q + o. What are the prime factors of q?
2, 7
Suppose 0 = 2*d - 3*d. Suppose d = 2*l - 5*h + 14, -4*l + 2*h + 2*h = 4. Suppose 0*x = l*x - 9. List the prime factors of x.
3
Let i be 50/(-3)*270/(-75). Suppose -v + i + 41 = 0. List the prime factors of v.
101
Suppose 2*c = -x + 5 + 1, 4*c = x - 30. Suppose b + 9 = x. Suppose 0 = -4*w + b*w - 29. What are the prime factors of w?
29
Let j be (-2)/(-11) + (-53)/(-11). Suppose j*t - 315 = 225. List the prime factors of t.
2, 3
Let s = -5 + 27. Suppose 27*b = s*b + 20. What are the prime factors of b?
2
Suppose 0 = -0*f + f - 521. Suppose -f = -5*m - 156. List the prime factors of m.
73
Suppose 18*q - 13611 = -2973. List the prime factors of q.
3, 197
Suppose 3*s + 10 = -41. Let m(z) = -4*z + 21. List the prime factors of m(s).
89
Suppose -c - c = -2*n - 8, 2*n + 5*c = 13. Let i = n + 0. What are the prime factors of 2*(1 + 6 - i)?
2
Let q(w) = 26*w**2 - 34*w + 52. What are the prime factors of q(11)?
2, 353
Let w = 46 - 42. Suppose -w*q = -10*q + 462. List the prime factors of q.
7, 11
Let q = 6358 - 3097. What are the prime factors of q?
3, 1087
Suppose -119 = -3*m + 907. Let y = m + -121. List the prime factors of y.
13, 17
Suppose 0 = 2*x - 4, 20*x = 5*a + 17*x - 334. What are the prime factors of a?
2, 17
Suppose 2*m - 120 = -0*p + 2*p, -5*p = 4*m - 276. Let h = 97 - m. What are the prime factors of h?
3, 11
Let g(n) be the first derivative of 196*n**3/3 - n**2 + 2*n + 1. Let u be g(1). Suppose u - 28 = 4*y. What are the prime factors of y?
2, 3, 7
Suppose 124259 - 554656 = -121*d. What are the prime factors of d?
3557
Let j be 0/(-1 - -3 - 3). Suppose 3*c - d = -0*c + 155, j = 4*c + d - 202. What are the prime factors of c?
3, 17
Let a(r) = r**2 - 4*r - 10. Let p be a(8). Suppose -f + 4*y + 2 = 16, -4*y + p = -5*f. List the prime factors of (1 - f)*(-235)/(-15).
47
Suppose -2*s + 135 = 3*s. Let o be 4/(-14) - 20/(-70). Suppose o = g + 2*v + 2*v - s, 5*v = 3*g - 13. What are the prime factors of g?
11
Suppose -2 = w + 4*q, -4*q + 0*q - 20 = -2*w. Let c be (-1)/(3/w) + -1. What are the prime factors of -3 - (-13)/(c + 4)?
2, 5
Suppose t = -2*z - 0*z - 6, -4*t - z + 4 = 0. Let b be -10 + 11 - 42/t. What are the prime factors of (-596)/b - 2/(-10)?
2, 3, 5
Let i(o) = 3*o + 141. List the prime factors of i(30).
3, 7, 11
Let u be 4/14 + 19/7. Let y = 84 + -76. List the prime factors of u*y/((-4)/(-2)).
2, 3
Let v be (-5)/1*(-3 + 2). Let x be 1/v - 56/(-20). Suppose -34 - 80 = -x*a. List the prime factors of a.
2, 19
What are the prime factors of (-5 + 1)*303240/(-480)?
7, 19
Let f(q) = 73*q - 211. List the prime factors of f(26).
7, 241
Let w be ((-12)/(-14))/(17/(-119)). Let t(l) = l**2 - 5*l + 3. List the prime factors of t(w).
3, 23
Suppose u = -5*h + 7, 5*h = -2*u + h + 8. Suppose 2*k - i + 4*i - 157 = 0, -302 = -4*k - u*i. List the prime factors of k.
2, 37
Let b = -4846 - -7559. What are the prime factors of b?
2713
Let n = 510 - 135. What are the prime factors of n?
3, 5
Suppose -55*z = -58*z + 147. List the prime factors of z.
7
Suppose p + 121 = 41. Let k = p + 124. List the prime factors of k.
2, 11
Let c = -42 + 35. What are the prime factors of (-283)/(-4) - ((-84)/16)/c?
2, 5, 7
Let l(t) = t**2 + 5*t - 7. Let c be l(-7). Let u(o) = -o**2 + 8*o - 5. Let k be u(c). Suppose -k = -2*r + 22. What are the prime factors of r?
2, 3
Let a(l) = -44*l - 24. What are the prime factors of a(-5)?
2, 7
Let a = 266 - -50. What are the prime factors of a?
2, 79
Suppose 3*n = -2 + 5. Let m = 3 + n. Suppose m*w - 8*w + 56 = 0. List the prime factors of w.
2, 7
Let t = 32 - 20. Suppose -9 = -4*n - 1. Suppose 0 = -0*f + n*f - t. What are the prime factors of f?
2, 3
Suppose 5*o - 131 - 99 = 0. Suppose 4*t - 511 = 3*j, -j = -2*t + 299 - o. What are the prime factors of t?
2, 31
Let d be (1 - 1)*(-2 - 0 - -1). Suppose t - 2*m + 0*m - 82 = d, -2*t + 164 = -3*m. List the prime factors of t.
2, 41
Let j(a) = -3*a**2 - 67*a + 14. List the prime factors of j(-7).
2, 3, 7
Let o be ((-33)/(-9) + -2)*45. Let b = -189 - -163. Let h = o + b. What are the prime factors of h?
7
Let s(o) = o + 7. Let b be s(-5). Suppose -3*q = -3*x - b*q + 120, 120 = 3*x - 2*q. List the prime factors of x.
2, 5
Let n(y) = -y**2 + 8*y + 10. Suppose 0 = -3*b + 4*b - 15. Let m be b/20 - 25/(-4). List the prime factors of n(m).
17
Let v be 0 + -3 + (-476)/(-2). Suppose m - 75 = v. Suppose 9*k = 4*k + m. List the prime factors of k.
2, 31
Suppose 0 = v + 5 - 7. Suppose v*i + 0*i = 36. What are the prime factors of i?
2, 3
Let u be (0 - 3)/(16/(-144)). Let x = u - -67. List the prime factors of x.
2, 47
Suppose -2*d = -4*b - 1197 + 5031, -4*d - 976 = -b. List the prime factors of b.
2, 239
Suppose 2*t + t + 54 = 0. Let f = -66 - t. Let s = f + 68. List the prime factors of s.
2, 5
Suppose 5*j - 4*j + p = 35, -3*j + 109 = 5*p. List the prime factors of (-4)/(-20)*5 + j.
2, 17
What are the prime factors of ((-430)/(-4))/(1/4) - -1?
431
Let h = 315 + -142. Suppose -3*v - h = -569. What are the prime factors of v?
2, 3, 11
Suppose p = 1 + 2. Let b(u) = 52*u - 13. What are the prime factors of b(p)?
11, 13
Suppose -169178 = -52*p + 238. What are the prime factors of p?
2, 3, 181
Suppose -23*p + 17*p = -24. Suppose 4*a + 5*q = 932, 4*q - 932 = -p*a + 2*q. List the prime factors of a.
233
Let j = -551 - -3294. What are the prime factors of j?
13, 211
List the prime factors of 1 + 3502 - (-1)/((-10)/10).
2, 17, 103
Suppose 4*d = 16, i - d = 2*d - 9. Suppose n - i*n + 142 = 0. Let s = n - 51. List the prime factors of s.
2, 5
Let y be 469*((-15)/(-7) + -3). Let m be y/(-24) + (-1)/(-4). Suppose -m = -6*g + 271. What are the prime factors of g?
2, 3
Suppose 11*f - 895 = 1107. What are the prime factors of f?
2, 7, 13
Suppose 566 = c - 526. List the prime factors of c.
2, 3, 7, 13
Let v = 16 + 0. Let o = -8 + v. Let q(l) = 2*l + 18. List the prime factors of q(o).
2, 17
Let d = -145 - -312. Let m = d - 107. What are the prime factors of m?
2, 3, 5
Suppose 34*c - 5976 = 10*c. List the prime factors of c.
3, 83
Let z(c) = 12*c - 51. Let m be z(-8). Let r = -88 - m. List the prime factors of r.
59
Suppose 8*c = 13*c - 5*m - 3750, -5*m = -4*c + 2999. What are the prime factors of c?
751
Let h(j) = 5*j**3 + 3*j**2 + 24*j + 9. What are the prime factors of h(10)?
31, 179
Let y = -325 + 1622. What are the prime factors of y?
1297
Let w(v) = 27*v**3 - 2*v**2 + 19*v - 39. List the prime factors of w(4).
1733
Suppose -59 = -3*i + 22. Suppose -2*g = g - i. What are the prime factors of (2 - g/2)*-10?
5
Suppose -y = -2, 0 = -0*d - d - 3*y + 70. Suppose -62 - d = 3*b. Let m = b + 73. List the prime factors of m.
31
Suppose -2*y = -5*y + 3*h + 18, -12 = -3*y + h. List the prime factors of -45*((-7)/y - -2).
3, 5
Let n(c) = 7 + 0*c**2 - 9*c + 12*c - c**2 + 6*c**2. What are the prime factors of n(-4)?
3, 5
Let u(k) = 2*k - 14. Let i be u(6). Let c = i - -5. Suppose -28 = -0*q - 4*q + j, c*j - 7 = -q. List the prime factors of q.
7
Suppose 5*f - 4*z - 1168 + 399 = 0, -4*z + 608 = 4*f. Let y = f + -100. What are the prime factors of y?
53
Let f(c) = c**3 + 21*c**2 - 45*c + 62. List the prime factors of f(-21).
19, 53
Let b be 5/2*(-88)/(-20). Let y = -7 + b. Suppose 21 = 5*a - y*a. What are the prime factors of a?
3, 7
Let j = -202 + 218. List the prime factors of j.
2
Let u be (-3)/12 + 99/(-4). Let f(i) = i + 12. Let z be f(-9). Let h = z - u. List the prime facto